the third derivative of -t**6/360 - t**5/120 + t**4/12 + 65*t**3/6 + 52*t**2. Let a(i) be the first derivative of d(i). What is a(2)?
-4
Let s(r) = -2*r**3 + 2*r**2 + 10*r - 11. Let u = 34541 + -34538. Give s(u).
-17
Let o(x) = 16*x**3 - 3*x**2 - 2*x. Let s(l) = -2*l**3 + 27*l**2 + 8*l + 83. Let h be s(14). Give o(h).
-17
Suppose q + 2 = -5. Let y(w) be the second derivative of -7 + 1/20*w**5 + 2*w + 2/3*w**4 + w**3 + w**2. What is y(q)?
9
Let n(q) = 10*q**2 - 12 + 363*q**3 - 181*q**3 + 53*q - 183*q**3 - 27*q. What is n(12)?
12
Let c(k) = -2*k**2 - k + 1. Let w(l) = l**3 + 7*l**2 + 10*l - 14. Let t(b) = 5*c(b) + w(b). Determine t(2).
-3
Suppose -2*k = 3*u - 51, -u = -4*k - 34 + 31. Let d(b) = -b**2 + 13*b + 31. What is d(u)?
1
Let b(l) be the first derivative of -l**3/3 - 13*l**2/2 + 5*l - 1390. What is b(-10)?
35
Let s(q) = q - 8. Let u(t) = -t + 11. Let p be (-2 - 1)/6 - 22/(-4). Let w be u(p). Determine s(w).
-2
Let z(h) = 31*h - 3. Let d be z(1). Let i = d + -24. Let x(s) = -2*s + 9*s - 3*s - 5*s - i. What is x(-9)?
5
Let z(w) = -w**2 - 15*w + 19. Suppose 0 = -6*d + 3*t - 8*t - 71, d + 2*t + 6 = 0. Give z(d).
3
Let l(m) = -4*m**3 + m**2 + 4*m. Let j = -29623 + 29620. Calculate l(j).
105
Let p(w) = -5*w**2 + 1. Suppose -4*s = -2*t + 12, 5*t - 3*s - 5 = -3. Let g be t/(-2) - (5 - 1). Determine p(g).
-44
Let l(q) be the first derivative of -q**4/4 - q**3/3 - 3*q**2/2 + 14*q + 707. What is l(0)?
14
Let c(h) = -h**3 - h**2 - 2*h - 2. Let l(p) = 14*p**3 - 2*p**2 - 10*p**3 - 5*p**3 + 1. Suppose -5 = -3*z - 2. Let m be l(z). Determine c(m).
6
Let n(j) = 783*j - 37585. Let p be n(48). Let y(w) = -14*w**2 - 3*w + 5. Let c(i) = -5*i**2 - i + 2. Let m(a) = 8*c(a) - 3*y(a). Determine m(p).
2
Let w(z) be the third derivative of 0*z - 19*z**2 + 0 + 0*z**3 - 7/24*z**4 + 7/360*z**6 + 0*z**5. Let g(n) be the second derivative of w(n). Determine g(-1).
-14
Let t(c) = c**3 + 4*c**2 - 3*c + 4. Let h be (-2)/(-20)*195/(-78)*16. Give t(h).
16
Let j(b) = b**3 - 3*b**2 - 8*b - 1. Let r be ((-660)/(-176))/((-12)/(-16)). Determine j(r).
9
Let m = 174 + -140. Let q(k) = -2*k + 10 - m + 17 + 11. Give q(3).
-2
Let n(k) = k**2 + 2*k - 27. Let q = 10569 + -10576. Calculate n(q).
8
Let i(x) = -10*x + 4. Let d(b) = 51*b - 22. Let s(u) = 2*d(u) + 11*i(u). Determine s(-1).
8
Let y(b) = 6*b**2 - 7*b + 4. Let f be 2/5 + (-90)/(-25). Let i(q) = 6*q + 6 + 0*q - 9 - 5*q**2. Let k(j) = f*i(j) + 3*y(j). Give k(2).
-2
Let t = 102 - 101. Suppose -5*f + t + 15 = -3*d, 0 = -d - 4*f + 23. Let h(j) = j**2 + 0*j**2 + 2 - 3 + 2*j. What is h(d)?
14
Let d(z) = 2*z**2 - 4*z - 2. Suppose -g - 12 = 2*g, 0 = -l - g - 11. Let u be (-6 - -3)*(l - 0). Suppose -u*r + 19*r = -8. Determine d(r).
14
Let h(p) = -p**3 - 7*p**2 - 9*p - 14. Let q be h(-6). Let g(j) = -11*j - 14 + 18*j + 2*j**2 + 7 - j**3 + q*j**2. Determine g(7).
-7
Suppose 0 = -25*a + 543 + 1832. Let j(v) = -7*v + 110 - 3*v - 114 + 93*v**2 - a*v**2. What is j(-7)?
-32
Let f(y) be the second derivative of -7*y**3/2 + 25*y**2/2 + 1026*y. Give f(2).
-17
Suppose -45 = 15*c + 15. Suppose 2*v - 2 = v. Let f(h) = -8*h - h**v - 8*h + 3 + 13*h + 0. Calculate f(c).
-1
Let r(q) = q**2. Let v be (27/(-18))/((-2)/(-4)). Let a(o) = o**3 + 8*o**2 - 3. Let n(f) = v*r(f) + a(f). Let j = 441 + -446. What is n(j)?
-3
Let a(o) = -7*o**3 + 7*o**2 + 5*o + 11. Let z(p) = -18*p**3 + 13*p**2 + 10*p + 23. Let b(n) = 5*a(n) - 2*z(n). Calculate b(-8).
33
Let h(f) = -f**3 - 3*f**2 + 8*f + 3. Let p(q) = -q**2 + q + 1. Let z = -147 - -146. Suppose 2*i + 12 = 4*i. Let b(k) = i*p(k) + z*h(k). What is b(4)?
11
Suppose 0 = -2*u - 2, 3*c + 4*u = 2 - 0. Let q(k) = 23*k - 2*k**c + 3*k**2 - 14*k + 6*k**3 - 10*k. What is q(1)?
6
Let c(d) = -5*d - 9. Let i(x) = x. Let v(f) = c(f) + 6*i(f). Suppose 0 = -5*y + 5*b + 50, 14*b = -3*y + 18*b + 26. Give v(y).
5
Suppose 20*p = 25*p + 25. Let z(h) = -h**2 + h + 5. Let n(o) = -o**2 + 5. Let a(d) = p*z(d) + 4*n(d). What is a(5)?
-5
Let s(y) = 4*y**2 + 8*y - 5. Let t(d) = 113*d**2 + 121*d**2 - 233*d**2 - 1. Let h(q) = 4*q + 1. Let c be h(1). Let k(g) = c*t(g) - s(g). Determine k(7).
-7
Let g(y) = -30*y - 136. Let c = -5796 + 5792. What is g(c)?
-16
Let d(l) = -2*l**2 + 4*l + 11*l**3 - 13*l**3 + l**3 - 5*l**2 + 2 - 6*l. Give d(-6).
-22
Let h(x) = 4*x - 81. Let w be h(21). Let l(m) = -m**2 - 14*m - 10. Let q be l(-9). Suppose 4*i + w*i + q = 0. Let y(j) = -j**3 - 4*j**2 + 6*j + 7. Give y(i).
2
Let n = 19 - 24. Let m(i) = i**3 + 6*i**2 + 7*i + 6. Let v be m(n). Let g = v + 10. Let t(x) = x**2 - 9*x + 4. Determine t(g).
-14
Let o(s) be the third derivative of -s**4/8 + 13*s**3/6 + 5*s**2 - 8*s. What is o(3)?
4
Let f(i) = i**2 + 15*i + 44. Let a be f(-11). Let d(w) = 10 + 88*w**3 - 7*w - 7*w**2 - 87*w**3 + a*w. Determine d(8).
18
Let s(i) = i**2 + 5. Let p = -180 - -170. Let r be 156/20 - 8 - 42/p. Determine s(r).
21
Suppose -161 = 12*d - 5. Let n(x) = x**2 + 10*x - 9. Determine n(d).
30
Let l(n) = 34 - 819*n + 1634*n - 821*n. Calculate l(7).
-8
Let q(v) = 7*v - 96. Let x be q(14). Let t(g) = -2*g**2 - x*g + 5*g + 10*g + g**2 - 6. Give t(9).
30
Let r(w) be the third derivative of w**5/60 - w**4/3 + 17*w**3/6 + 936*w**2. Calculate r(5).
2
Let s(o) = 31*o**3 - 5*o - 15*o**3 + 3*o - 7 - 9*o**3 + 7*o**2 - 6*o**3. Let p(i) = 3*i + 2. Let v be p(-3). Give s(v).
7
Suppose 0 = 18*z - 1343 + 515. Let m = -46 + z. Let n(w) = w - w + w + 4 + 1. What is n(m)?
5
Let u(i) = i**2 - 48*i + 400. Let m be u(37). Suppose -b = 23 + 19. Let f be 2 - b/m*2/(-4). Let j(v) = 2*v**2 - 6*v - 5. What is j(f)?
15
Let q be -1*(6 - (-1 - -5)). Let v(c) = 36*c + 4. Calculate v(q).
-68
Let o(q) = -q**3 + q**2 + 4*q - 1. Let y be o(-2). Suppose y*r + 3*p = -0*p + 15, 2*p + 8 = 4*r. Let h(z) = -1 - z**2 + r*z**2 - z - 3*z**2. Calculate h(2).
-7
Let l(r) be the second derivative of -r**3 - 19*r**2/2 - 1395*r. Give l(-3).
-1
Let x(b) be the first derivative of -b**4/2 - 8*b**3/3 - 3*b**2 + 2*b + 8255. Determine x(-5).
82
Let a(u) = 5*u**2 + 8*u - 24. Let j(v) = 4*v**2 + 6*v - 20. Let q(z) = 5*a(z) - 6*j(z). Suppose -105*p + 8 = -103*p. What is q(p)?
32
Let m(i) = 17*i - 27. Suppose -2605*o - 62 = -2636*o. Calculate m(o).
7
Let c be (-3)/5 + (-108)/20. Let a(b) = -b**2 - b + 1. Let o(y) = y**3 + 5*y**2 + 7*y - 16. Let q(g) = c*a(g) - o(g). Let w be 0*(-1 - 3/(-2)). Determine q(w).
10
Let b(o) = -5*o**2 + 8*o - 2. Let c(j) = 6*j**2 - 9*j + 2. Let q(w) = -5*b(w) - 4*c(w). Let u be q(4). Let s(h) = -7 + 4 - 5 - 5*h + 2*h**u + 3. Determine s(5).
20
Let p(y) = 167*y - 363*y + 195*y - 2. Let d be 1 + 16/(-4 - -8). Give p(d).
-7
Let v(w) = -w**2 - 9*w - 6. Let s be (-1 - (-4)/3)/((-60)/(-1980)). Let m(q) = 9*q - 104. Let n be m(s). Determine v(n).
14
Let r(v) = 24*v + 1 + 3 - v**2 + 17*v - 45*v. Let y(k) = -6*k**2 - 27*k + 27. Let t(f) = 27*r(f) - 4*y(f). Let m(d) = -d - 11. Let w be m(-10). Give t(w).
-3
Suppose -2 = -q + x - 0*x, 2*x = 0. Let h(i) = -i**q + 3*i - 3*i + 4*i. Let w(t) = 5*t - 5. Let j be w(2). Determine h(j).
-5
Let x(p) = -p**2 + 6*p + 4. Let f be x(5). Let k(a) be the third derivative of a**6/120 - a**5/6 + 3*a**4/8 - 5*a**3/3 + 122*a**2 + 2*a - 9. Determine k(f).
-10
Let l(g) be the second derivative of -5*g + 7/2*g**2 + 1/6*g**3 + 0. Let q be (6/(-4))/(51/136). What is l(q)?
3
Suppose 55 - 3 = 26*c. Let o(p) = 12 - 23 - c*p + 12 + 3*p. Calculate o(5).
6
Suppose -30 = -26*c + 100. Let v(r) be the first derivative of r**3/3 - r**2/2 - r + 1. Give v(c).
19
Let l = 303 + -301. Let g(n) = 506*n**l - n**3 - 10*n - 515*n**2 - 3 - 5. What is g(-8)?
8
Let m(s) = -5*s**3 - 150*s**2 - 5. Let h be m(-30). Let t(g) = -g**2 - 3*g + 8. Calculate t(h).
-2
Let f be (-43 - -42)/(2/(-14)) - -8. Let w(x) = -x**2 + 20*x - 24. Determine w(f).
51
Let g(j) = -2*j**2 + 9*j - j**2 + 2*j**2 + 2. Let f be (-32 - (-17 + -1)) + 22. Give g(f).
10
Let p(r) be the third derivative of r**6/120 + 7*r**5/60 + 5*r**4/24 + r**3/2 - 1529*r**2. Let l be (-40)/15*9/4. Give p(l).
9
Let r(z) be the second derivative of z**5/10 + 3*z**4/2 - z**3/6 + z**2/2 + 2125*z. What is r(-9)?
10
Let a(d) be the second derivative of 11*d**3/6 + d**2 - 234*d. Give a(-1).
-9
Let o(j) = -10*j**3 + 2*j - 3. Suppose f - 2*f + 3 = 0. Let k(t) = 0 - 4 + f + 0. Let d(g) = -2*k(g) + o(g). Give d(1).
-9
Suppose -4*t + 4 = 0, 3*